+ -43 - ((2 - 19) + (0 - -3)).
13
Evaluate -41 - 2 - (-53 - -39).
-29
0 - 1 - (17 - 49 - -23) - (38 + -3)
-27
What is the value of (-109 - -5) + 7 - ((17 - (5 - -5)) + -17)?
-87
What is the value of 7 + 4 - (-5 + 22) - 5?
-11
What is (-13 - -1) + -36 + 15 + 4 + 16?
-13
Calculate -192 + 255 - (14 + -6 + -7).
62
Calculate (17 - (-8 + 60)) + 13.
-22
18 - (-76 + 36 - -90)
-32
What is the value of -56 + 11 + 130 + -94 + 0 + 1 + -104?
-112
What is (-36 - (-84 + 55) - -16) + 0 + -1 + -34?
-26
Calculate 9 - (-3 - ((1 - -10) + 577 + -564)).
36
What is 68 + -52 + (-20 - (2 - 3)) + 5?
2
Evaluate (4 - 10 - (-7 - -3)) + -65 + 12 + 11.
-44
Evaluate 48 + -55 + -33 - 21.
-61
5 - (-35 + 6) - (0 + 4 + (3 - -4))
23
What is -16 - (7 - 1) - -27 - 16?
-11
Calculate 0 + 81 + -7299 + 7280.
62
What is the value of 95 + -33 + 2 - 13?
51
What is the value of (139 + -48 - 113) + (-20 - -4)?
-38
Calculate -53 + 0 + 4594 + -4545.
-4
What is the value of 19 + (32 - (2 + 19 + -3))?
33
Calculate 3 + -11 + -3 + -48 + (8 + 0 - 7).
-58
40 + -78 + 30 + 8
0
(-10311 - -10305) + 16 + 0 + 1
11
What is -49 + -39 + -40 + 140?
12
What is the value of 173 - 101 - (0 - 27) - -18?
117
Calculate -2 + 1 - (16 - 39 - (-47 + 1) - 22).
-2
What is -39 - 1 - (3 + 1 + (52 - 70) + 14)?
-40
Evaluate (-31 + 41 - ((-3 + 12 - 4) + 11)) + 5.
-1
What is the value of 43 - (60 + (16 - 64))?
31
Calculate (344 - 331) + (-1 - 3 - (-16 - -14)).
11
What is 0 + -71 + -10232 + 10297?
-6
Calculate 104 + -11 + -9 + 0 + (10 - -14).
108
What is (-43 - -235) + -97 + -5?
90
Evaluate 4 + ((76 - -20) + -20 - (16 + -6)).
70
Calculate (-7 - -10 - ((-6 - -5) + -4 + -59)) + -10.
57
Calculate 1 + 14 - ((1 - -20) + -3 - 29).
26
What is -3066 + 3175 - (-4 + 128)?
-15
What is -50 + (-5 + 21 + -6 - 10 - (7 + -19))?
-38
What is 8 - (-9 - (-2 + 10 - (30 - -3 - 31)))?
23
-9 - (8 - (3 + 11 + 9))
6
Calculate 9 + -1 + (-49 - -44).
3
Calculate -22 + -7 + 5 + (-76 - -52) + 13.
-35
Calculate (-1588 + 1619 - (54 + 0)) + 27 + -3.
1
73 + -126 - (-40 + 1)
-14
8 + 5 + -21 + (48 - 56)
-16
What is the value of 2208 - 2231 - (-1 - -36)?
-58
Evaluate 1 + (14 - (-15 + 23) - -4) + (-26 - -1).
-14
What is the value of -123 + 275 - (5 + 142)?
5
Calculate -7 - (-2 + 1 + 0) - -7 - -24 - -2.
27
Evaluate 12 + -4 + (-8 - -15) + (4 + -2 - 6).
11
What is (-29 + 52 + -65 - -65) + -7 + 0?
16
What is (8 - (33 - (-17 + 19 + -9))) + -13?
-45
Calculate 20 - (7 - (-8 - -5)).
10
What is 161 + -20 - (275 - 3)?
-131
Evaluate (709 - 771) + (0 - 1 - -4).
-59
What is -31 + 1 + 2 - (24 + -1 + (-2 - 11))?
-38
Evaluate -55 - (122 + -250) - (-1 - (-3 + 1)).
72
-45 - (-135 - (-22 - 1 - -42))
109
What is the value of 7 - (14 - (29 - 8)) - (-45 + 3)?
56
What is the value of (9 - -4 - 8) + (-19 - 2)?
-16
What is the value of -45 + (151 - (12 + 50))?
44
What is (-18 - -10 - (-1 - 0) - -3) + 326 + -313?
9
Evaluate 42 + 4 - (40 - 30).
36
-18 + 81 + 35 - -7
105
What is -6 - 12 - (717 - 646)?
-89
Calculate 82 - -2 - (-329 + 361) - (1 + 9).
42
What is (5 - 58 - -72) + 20?
39
What is -13 + (-2 + -4 - 6 - (-19 - -40 - 25))?
-21
What is (-6 - (-3 + 3)) + (37 - 39) + (31 - 0)?
23
What is -118 - (-131 - 54) - (0 + 10)?
57
Evaluate (-10 + 3 - 3 - 1) + (-98 + 196 - 49).
38
-1 + 18 - (201 + -204)
20
What is -23434 + 23512 - (22 + 0 + 0)?
56
Evaluate -22 - (50 + (32 - 16)) - -27.
-61
Calculate 18 - ((-21 - 1) + 14 - -2) - 7.
17
Evaluate (-21 + 83 - 24) + (-1 - 1) + 4.
40
Calculate -22 + (-4 - -6) + (2 - 9) + 11.
-16
59 + (-8 - (20 - -57))
-26
-92 + 53 + 99 - 21
39
What is the value of (8 - 0 - -64) + 9 - (0 + -15 + 28)?
68
What is 3 + -5 + -45 + 30 + -34 + -4 + 5?
-50
Calculate -5 - (7 - (16 + -30)) - 13.
-39
What is the value of -14 + -20 + 11 + -20 + 80?
37
Evaluate 31 + -39 - -26 - -16 - -8.
42
What is the value of -6 + 2 + -16 + -6 + 16?
-10
496 - 533 - (-9 + -3)
-25
What is the value of 413 - 403 - (48 + -5 + 0)?
-33
What is the value of 0 + 11 + (-28 - -36 - (0 + 18))?
1
Evaluate -20 - ((35 - -11) + -44 - (4 - 2)).
-20
What is the value of -7 + (16 - (9 + -8 + 57 + 17))?
-66
Calculate -25 + 1 + 12277 + -12322.
-69
-15 + -9 + -3 + 6 + 1 + -12
-32
Calculate -43 + 19 + -3 + -24 + -2.
-53
What is (1 - 1) + 12 + 3 + (33 - 51)?
-3
What is (57 + -181 + 116 - (0 + (1 - -32))) + 8?
-33
(44 - 47) + 8 + 114 + -35
84
Evaluate 16 - 78 - (70 - 62).
-70
What is the value of -9 + (1 + 2 - (15 + -8) - (13 - 8))?
-18
Calculate -2 - -3 - (-11 + 1 + -130 + 141).
0
Calculate 1 + (95 - 45) + (13 - -1).
65
Calculate -32 + (17 - (-77 - -34)) + 25.
53
Calculate (-47 - -51) + (-21 + -3 + -5 - -5).
-20
Evaluate (11 + -30 - (-42 - -13)) + -5 + 1.
6
Evaluate 73 + (-110 - (-76 - -69)).
-30
(-16383 - -16383) + (1 - (2 + 1))
-2
Calculate 24 - ((22 - -30) + -33).
5
59 + -5 + 19 + 3 + -40
36
What is (26 + -28 + (12 - -1) - 10) + -1 + -44?
-44
What is 516 + -439 - (3 + 63)?
11
Calculate -5 + (-7 - 14) + 2 - (-129 + 115).
-10
(-36 - 1) + (312 - 225)
50
Evaluate (88 - 70) + -9 + 3 + -7.
5
What is 87 + -9 + -22 + 8 + -2?
62
22 + (2 + -3 - -24) + -58 - 50
-63
-2 - ((-12 - (27 - 16)) + -6 + 15)
12
Evaluate (-7 - -6 - ((-14 - 3) + 10)) + -87 + -7.
-88
What is (-2 - -2) + 18 + (-16 - ((-11 - -6) + -6))?
13
12 + -34 - (831 + -753)
-100
What is the value of (-35 + 47 - (-25 - -3)) + (8 - 11)?
31
Calculate 11 - (74 + -88 - (3 + -4 + -3 + 0)).
21
What is the value of -371 + 382 - (26 - 2) - (-5 + -1 - 2)?
-5
What is 6 + -14 + 2 + 24 - (-5 - 10)?
33
(79 + 48 - 240) + (2 + -4 - -18) - 16
-113
Evaluate (-23 - 17 - -5) + 105.
70
9 + 26 + 4 + 6 + -6 - 7 - 3
29
Evaluate 103 + (2 - 10) + (24 - 38) - (-6 + 1).
86
What is -13 + (21 + 4 - 2 - (35 + -46))?
21
Calculate -6 + (-36 - (17 - 5)) + (-2 - -15).
-41
Calculate (-1 - -28) + -24 + -8 + -52.
-57
What is (2 - 0 - 97) + -1 + 23 + -32 + 20?
-85
Calculate -30 + (15 + -1 - 6) + (-37 - -43).
-16
-10 + -8 + (-7 - -8) + (-6 - -4)
-19
What is the value of (7 - ((-1 - -9) + -56)) + (-33 - (-16 - 3))?
41
Calculate -78 + 3 + ((0 + 1 - 2) + 7 - 5).
-74
Evaluate (-228 - -324) + -86 + -1 + 37.
46
(38 - -46) + -16 + -116
-48
What is 22 - (11 - 96 - -57)?
50
What is -3 - -83 - (-13 + -1 + -7 + (17 - -10))?
74
Calculate 1 + 14 + (-35 - (14 - 68)).
34
What is 36 - (86 + 13 + -14)?
-49
Calculate -3 - (7 + -5) - (-206 - -188).
13
-5 + (11 - (5 + -15)) + -53
-37
-32 + (63 - 9) + -22
0
What is (17 - -61) + -62 - 35?
-19
What is (-15 - (5 - (40 - 13 - 8))) + -13?
-14
Calculate -15 - (-26 - 23) - (0 + (-4 - -3)).
35
Calculate (12 - 0) + -1 + (16 - 0 - (60 - 51)).
18
3 + (-46 - (-20 + 8)) + 2
-29
-12 + (112 + 1 - 103 - (1 + 97))
-100
113 - 106 - -24 - (-4 - 1)
36
What is the value of -42 + 15 + -97 - (-6 + -2) - -6?
-110
What is the value of 18 - ((5 - 81) + -10) - -24?
128
31120 + -30948 + (1 - 51)
122
Evaluate 66 - (19 + -11 + (-11 + 1 - -2)).
66
What is (127 - 61) + -91 - (-15 + -1)?
-9
What is the value of (406 - 337) + (-25 - (-5 + 2))?
47
Evaluate 123 + -46 + 32 - 40.
69
Evaluate (9 - (-1 - 1)) + ((9 - 202) + 63 - 6).
-125
What is the value of (1 - (-4 - 10)) + (25 - 64 - -24)?
0
3 - (5 + 7 + (-7 - -4)) - (-127 - -30)
91
What is the value of (68 - 59) + (1 - 26 - (4 - 1))?
-19
7 + (1 - 8) - (20 + 23 + 0)
-43
Evaluate (-2 - -15 - -1 - (-18 + -9 - -39)) + -7.
-5
What is 3 + -9 - (-11 + (11 - -6 - 14) + 3)?
-1
Calculate (-5 + (1 - -4) - 9) + 1 + 63.
55
Evaluate 11 - (73 + -84 + 48).
-26
What is -19 - 27 - -25 - -2 - 3?
-22
Evaluate -2 + -14 + 0 + (-146 - -398) + -171.
65
Evaluate 11 - 7 - 91 - (825 + -834).
-78
Calculate 104 - (1 - 2) - ((-4 - 46) + 38 + 20).
97
Evaluate -1 + 10 + -91 + 22 + 10 + (22 - 10).
-38
Calculate (-72 - -22) + 152 - -21.
123
Calculate -44 - (-1 + -14 - (1062 + -1046)).
-13
Calculate (10 - 24) + 10 + 7 + 5 + 38.
46
(111 - -7) + 13 + -154
-23
Evaluate -2 - (-4 + 0) - -18 - (-10 + -55).
85
What is the value of 45 - 3 - 6 - (-354 - -302)?
88
What is (-24 - 14 - -21) + 65 + -80?
-32
(845 - 877) + 0 + -24
-56
What is (-30 - -8) + -5 + 4 + -5?
-28
What is the value of 90 + (37 - (50 - -19))?
58
(-4 + -4 - -1 - 169) + 33
-143
What is 9 + (71 - 49 - (14 - -9))?
8
What is 33 + -9 - (-89 + 98)?
15
What is the value of -29 + 15 - (-107 + (6 + -4 - -9) + -20)?
102
What is the value of (34 - 0) + -75 + 74 - (-6 + -3)?
42
(5 - -32) + (-30 - -12) + 13 + 3
35
What is the value of (-19 - -50) + 12 +